{"id":21,"date":"2015-11-25T07:32:54","date_gmt":"2015-11-25T07:32:54","guid":{"rendered":"http:\/\/smartyschool.stylemixthemes.com\/?page_id=21"},"modified":"2024-09-26T10:19:36","modified_gmt":"2024-09-26T10:19:36","slug":"sobrenos","status":"publish","type":"page","link":"https:\/\/www.orisquinhas.pt\/pt\/sobrenos\/","title":{"rendered":"Sobre n\u00f3s"},"content":{"rendered":"<p>[vc_row full_width=&#8221;stretch_row&#8221; css=&#8221;.vc_custom_1475151838273{margin-top: -7px !important;padding-top: 35px !important;padding-bottom: 50px !important;background-color: #fff9f2 !important;}&#8221;][vc_column width=&#8221;1\/2&#8243;][stm_title title=&#8221;Sobre n\u00f3s&#8221; title_margin_b=&#8221;26px&#8221;][\/stm_title][vc_column_text]<b>Sobre n\u00f3s<\/b><\/p>\n<p>O Risquinhos \u00e9 uma institui\u00e7\u00e3o de car\u00e1cter particular. Iniciou a sua atividade em outubro do ano 2000 com as val\u00eancias de ber\u00e7\u00e1rio, creche e jardim de inf\u00e2ncia. O Risquinhas desde ent\u00e3o recebeu milhares de crian\u00e7as, diferentes gera\u00e7\u00f5es e continua a faz\u00ea-lo com muita dedica\u00e7\u00e3o. Somos reconhecidos como uma institui\u00e7\u00e3o de confian\u00e7a que promove o desenvolvimento da crian\u00e7a de uma forma integral, respeitando a sua individualidade. O Risquinhas possui uma \u00e1rea exterior significativa, o que possibilita que as diferentes val\u00eancias tenham uma espa\u00e7o exterior designado. Situado em Valadares,<span class=\"Apple-converted-space\">\u00a0 <\/span>encontra-se localizado junto aos acessos da A44.<span class=\"Apple-converted-space\">\u00a0<\/span><\/p>\n<p>Possu\u00edmos hortinha pedag\u00f3gica, caixa de areia e ainda uma cozinha de exterior \u201cmud kitchen\u201d.<span class=\"Apple-converted-space\">\u00a0<\/span><\/p>\n<p>O Risquinhas <b>possui a aprova\u00e7\u00e3o das seguintes entidades:<\/b><\/p>\n<p>\u2022 Dire\u00e7\u00e3o Geral dos Estabelecimentos Escolares<\/p>\n<p>\u2022 C\u00e2mara Municipal de Gaia<\/p>\n<p>\u2022 Seguran\u00e7a Social<\/p>\n<p>\u2022 Servi\u00e7o Nacional dos Bombeiros<\/p>\n<p>\u2022 Delega\u00e7\u00e3o de Sa\u00fade[\/vc_column_text][\/vc_column][vc_column width=&#8221;1\/2&#8243; css=&#8221;.vc_custom_1475215424413{padding-top: 65px !important;padding-left: 55px !important;}&#8221; offset=&#8221;vc_hidden-xs&#8221;][stm_slider buttons_on_slider=&#8221;true&#8221;][stm_slider_item img_id=&#8221;6043&#8243; img_size=&#8221;500&#215;376&#8243;][stm_slider_item img_id=&#8221;6053&#8243; img_size=&#8221;500&#215;376&#8243;][stm_slider_item img_id=&#8221;5553&#8243; img_size=&#8221;500&#215;376&#8243;][stm_slider_item img_size=&#8221;500&#215;376&#8243; img_id=&#8221;6053&#8243;][stm_slider_item img_id=&#8221;5526&#8243; img_size=&#8221;500&#215;376&#8243;][stm_slider_item img_id=&#8221;5444&#8243; img_size=&#8221;500&#215;376&#8243;][\/stm_slider][stm_text_box css=&#8221;.vc_custom_1504537491807{background-color: #f9e422 !important;}&#8221;]<span style=\"font-size: 10pt;\"><strong>Hor\u00e1rio da Institui\u00e7\u00e3o: <\/strong>7:30 \u00e0s 19 horas<\/span><br \/>\n<span style=\"font-size: 10pt;\"><strong>Servi\u00e7os Administrativos:<\/strong> 9:30 &#8211; 13:30 horas \/\/ 14:30 &#8211; 16:30 horas<\/span><br \/>\n<span style=\"font-size: 10pt;\"><strong>Estamos abertos todo o ano<\/strong><\/span>[\/stm_text_box][\/vc_column][\/vc_row][vc_row css=&#8221;.vc_custom_1475225114422{margin-top: 35px !important;margin-bottom: 16px !important;}&#8221;][vc_column][stm_title title_align=&#8221;center&#8221; title=&#8221;A Nossa Equipa&#8221; title_margin_b=&#8221;27px&#8221;][\/stm_title][vc_row_inner css=&#8221;.vc_custom_1475157300925{margin-bottom: 10px !important;}&#8221;][vc_column_inner width=&#8221;1\/6&#8243;][\/vc_column_inner][vc_column_inner width=&#8221;2\/3&#8243;][vc_column_text]O Corpo Docente \u00e9 constitu\u00eddo, atualmente, por\u00a0<b>cinco Educadoras de Inf\u00e2ncia Licenciadas<\/b>. O Corpo n\u00e3o-docente \u00e9 constitu\u00eddo por\u00a0<b>sete Auxiliares de Educa\u00e7\u00e3o.<\/b> Possu\u00edmos ainda\u00a0<b>uma Cozinheira<\/b>\u00a0qualificada e uma <b>ajudante de cozinha<\/b>. Os servi\u00e7os administrativos s\u00e3o assegurados por\u00a0<b>administrativa.<\/b><\/p>\n<p>A Dire\u00e7\u00e3o e Coordena\u00e7\u00e3o Pedag\u00f3gica \u00e9 assegurada pela <b>Diretora Geral <\/b>e por uma das Educadoras da Institui\u00e7\u00e3o como <b>Diretora Pedag\u00f3gica.<\/b><\/p>\n<p style=\"text-align: center;\"><span style=\"display: block; font-weight: 600; font-size: 24px;\">\u00a0<\/span><\/p>\n<p>[\/vc_column_text][\/vc_column_inner][vc_column_inner width=&#8221;1\/6&#8243;][\/vc_column_inner][\/vc_row_inner][\/vc_column][\/vc_row][vc_row full_width=&#8221;stretch_row&#8221; css=&#8221;.vc_custom_1475156148088{padding-top: 36px !important;padding-bottom: 66px !important;background-color: #fff9f2 !important;}&#8221;][vc_column][stm_title title_align=&#8221;center&#8221; title=&#8221;Certificados&#8221; title_margin_b=&#8221;31px&#8221;][\/stm_title][vc_column_text]<\/p>\n<p class=\"p1\">Tem a <b>Implementa\u00e7\u00e3o HACCP<\/b>, ao abrigo do Regulamento (CE) n\u00ba 852\/2004 de 29 de Abril, relativo \u00e0 Higiene e Seguran\u00e7a dos g\u00e9neros aliment\u00edcios e do decreto-lei n\u00ba 113\/2006 de 12 de Junho.<\/p>\n<p class=\"p1\">Os<b> servi\u00e7os di\u00e1rios de Limpeza<\/b> das instala\u00e7\u00f5es s\u00e3o assegurados por uma funcion\u00e1ria especializada.<\/p>\n<p class=\"p1\">Tem <b>Alvar\u00e1 da Seguran\u00e7a Social<\/b> e a <b>Autoriza\u00e7\u00e3o definitiva da DREN<\/b>.<\/p>\n<p style=\"text-align: center;\"><span style=\"display: block; font-weight: 600; font-size: 24px;\">\u00a0<\/span><\/p>\n<p>[\/vc_column_text][\/vc_column][\/vc_row][vc_row css=&#8221;.vc_custom_1475225114422{margin-top: 35px !important;margin-bottom: 16px !important;}&#8221;][vc_column][stm_title title_align=&#8221;center&#8221; title=&#8221;Parcerias&#8221; title_margin_b=&#8221;27px&#8221;][\/stm_title][vc_row_inner css=&#8221;.vc_custom_1725052855770{margin-bottom: 10px !important;}&#8221;][vc_column_inner width=&#8221;1\/6&#8243;][\/vc_column_inner][vc_column_inner width=&#8221;2\/3&#8243;][vc_single_image image=&#8221;6015&#8243; img_size=&#8221;full&#8221;][\/vc_column_inner][vc_column_inner width=&#8221;1\/6&#8243;][\/vc_column_inner][\/vc_row_inner][\/vc_column][\/vc_row][vc_row full_width=&#8221;stretch_row&#8221; css=&#8221;.vc_custom_1475157756271{padding-top: 20px !important; padding-bottom: 30px !important;background-image: url(http:\/\/www.orisquinhas.pt\/pt\/wp-content\/uploads\/2017\/07\/bg6.jpg) !important;background-position: 0 0 !important;background-repeat: repeat !important;}&#8221;][vc_column css=&#8221;.vc_custom_1475209405740{padding-top: 8px !important;}&#8221;][stm_call_to_action btn_color=&#8221;purpure&#8221; img_id=&#8221;6058&#8243; btn_link=&#8221;url:%2Fpt%2Fcontactos%2F|title:Inscreva-se!||&#8221; img_size=&#8221;1000&#215;300&#8243;]<span style=\"color: #404040; font-size: 20px;\">Nada \u00e9 mais importante do que o bem-estar dos vossos filhos. Por isso, fa\u00e7a-nos uma visita e inscreva os seus filhos no O RISQUINHAS.<\/span>[\/stm_call_to_action][\/vc_column][\/vc_row]<\/p>\n","protected":false},"excerpt":{"rendered":"<p>[vc_row full_width=&#8221;stretch_row&#8221; css=&#8221;.vc_custom_1475151838273{margin-top: -7px !important;padding-top: 35px !important;padding-bottom: 50px !important;background-color: #fff9f2 !important;}&#8221;][vc_column width=&#8221;1\/2&#8243;][stm_title title=&#8221;Sobre n\u00f3s&#8221; title_margin_b=&#8221;26px&#8221;][\/stm_title][vc_column_text]Sobre n\u00f3s O Risquinhos \u00e9 uma institui\u00e7\u00e3o de car\u00e1cter particular. Iniciou a sua atividade em outubro do ano 2000 com as val\u00eancias de ber\u00e7\u00e1rio, creche e jardim de inf\u00e2ncia. O Risquinhas desde ent\u00e3o recebeu milhares de crian\u00e7as, diferentes gera\u00e7\u00f5es e continua [&hellip;]<\/p>\n","protected":false},"author":1,"featured_media":0,"parent":0,"menu_order":0,"comment_status":"closed","ping_status":"closed","template":"","meta":{"footnotes":""},"class_list":["post-21","page","type-page","status-publish","hentry"],"_links":{"self":[{"href":"https:\/\/www.orisquinhas.pt\/pt\/wp-json\/wp\/v2\/pages\/21","targetHints":{"allow":["GET"]}}],"collection":[{"href":"https:\/\/www.orisquinhas.pt\/pt\/wp-json\/wp\/v2\/pages"}],"about":[{"href":"https:\/\/www.orisquinhas.pt\/pt\/wp-json\/wp\/v2\/types\/page"}],"author":[{"embeddable":true,"href":"https:\/\/www.orisquinhas.pt\/pt\/wp-json\/wp\/v2\/users\/1"}],"replies":[{"embeddable":true,"href":"https:\/\/www.orisquinhas.pt\/pt\/wp-json\/wp\/v2\/comments?post=21"}],"version-history":[{"count":8,"href":"https:\/\/www.orisquinhas.pt\/pt\/wp-json\/wp\/v2\/pages\/21\/revisions"}],"predecessor-version":[{"id":6061,"href":"https:\/\/www.orisquinhas.pt\/pt\/wp-json\/wp\/v2\/pages\/21\/revisions\/6061"}],"wp:attachment":[{"href":"https:\/\/www.orisquinhas.pt\/pt\/wp-json\/wp\/v2\/media?parent=21"}],"curies":[{"name":"wp","href":"https:\/\/api.w.org\/{rel}","templated":true}]}}

Sobre nós

<p>[vc_row full_width=&#8221;stretch_row&#8221; css=&#8221;.vc_custom_1475151838273{margin-top: -7px !important;padding-top: 35px !important;padding-bottom: 50px !important;background-color: #fff9f2 !important;}&#8221;][vc_column width=&#8221;1/2&#8243;][stm_title title=&#8221;Sobre nós&#8221; title_margin_b=&#8221;26px&#8221;][/stm_title][vc_column_text]<b>Sobre nós</b></p>
<p>O Risquinhos é uma instituição de carácter particular. Iniciou a sua atividade em outubro do ano 2000 com as valências de berçário, creche e jardim de infância. O Risquinhas desde então recebeu milhares de crianças, diferentes gerações e continua a fazê-lo com muita dedicação. Somos reconhecidos como uma instituição de confiança que promove o desenvolvimento da criança de uma forma integral, respeitando a sua individualidade. O Risquinhas possui uma área exterior significativa, o que possibilita que as diferentes valências tenham uma espaço exterior designado. Situado em Valadares,<span class="Apple-converted-space">  </span>encontra-se localizado junto aos acessos da A44.<span class="Apple-converted-space"> </span></p>
<p>Possuímos hortinha pedagógica, caixa de areia e ainda uma cozinha de exterior “mud kitchen”.<span class="Apple-converted-space"> </span></p>
<p>O Risquinhas <b>possui a aprovação das seguintes entidades:</b></p>
<p>• Direção Geral dos Estabelecimentos Escolares</p>
<p>• Câmara Municipal de Gaia</p>
<p>• Segurança Social</p>
<p>• Serviço Nacional dos Bombeiros</p>
<p>• Delegação de Saúde[/vc_column_text][/vc_column][vc_column width=&#8221;1/2&#8243; css=&#8221;.vc_custom_1475215424413{padding-top: 65px !important;padding-left: 55px !important;}&#8221; offset=&#8221;vc_hidden-xs&#8221;][stm_slider buttons_on_slider=&#8221;true&#8221;][stm_slider_item img_id=&#8221;6043&#8243; img_size=&#8221;500&#215;376&#8243;][stm_slider_item img_id=&#8221;6053&#8243; img_size=&#8221;500&#215;376&#8243;][stm_slider_item img_id=&#8221;5553&#8243; img_size=&#8221;500&#215;376&#8243;][stm_slider_item img_size=&#8221;500&#215;376&#8243; img_id=&#8221;6053&#8243;][stm_slider_item img_id=&#8221;5526&#8243; img_size=&#8221;500&#215;376&#8243;][stm_slider_item img_id=&#8221;5444&#8243; img_size=&#8221;500&#215;376&#8243;][/stm_slider][stm_text_box css=&#8221;.vc_custom_1504537491807{background-color: #f9e422 !important;}&#8221;]<span style="font-size: 10pt;"><strong>Horário da Instituição: </strong>7:30 às 19 horas</span><br />
<span style="font-size: 10pt;"><strong>Serviços Administrativos:</strong> 9:30 &#8211; 13:30 horas // 14:30 &#8211; 16:30 horas</span><br />
<span style="font-size: 10pt;"><strong>Estamos abertos todo o ano</strong></span>[/stm_text_box][/vc_column][/vc_row][vc_row css=&#8221;.vc_custom_1475225114422{margin-top: 35px !important;margin-bottom: 16px !important;}&#8221;][vc_column][stm_title title_align=&#8221;center&#8221; title=&#8221;A Nossa Equipa&#8221; title_margin_b=&#8221;27px&#8221;][/stm_title][vc_row_inner css=&#8221;.vc_custom_1475157300925{margin-bottom: 10px !important;}&#8221;][vc_column_inner width=&#8221;1/6&#8243;][/vc_column_inner][vc_column_inner width=&#8221;2/3&#8243;][vc_column_text]O Corpo Docente é constituído, atualmente, por <b>cinco Educadoras de Infância Licenciadas</b>. O Corpo não-docente é constituído por <b>sete Auxiliares de Educação.</b> Possuímos ainda <b>uma Cozinheira</b> qualificada e uma <b>ajudante de cozinha</b>. Os serviços administrativos são assegurados por <b>administrativa.</b></p>
<p>A Direção e Coordenação Pedagógica é assegurada pela <b>Diretora Geral </b>e por uma das Educadoras da Instituição como <b>Diretora Pedagógica.</b></p>
<p style="text-align: center;"><span style="display: block; font-weight: 600; font-size: 24px;"> </span></p>
<p>[/vc_column_text][/vc_column_inner][vc_column_inner width=&#8221;1/6&#8243;][/vc_column_inner][/vc_row_inner][/vc_column][/vc_row][vc_row full_width=&#8221;stretch_row&#8221; css=&#8221;.vc_custom_1475156148088{padding-top: 36px !important;padding-bottom: 66px !important;background-color: #fff9f2 !important;}&#8221;][vc_column][stm_title title_align=&#8221;center&#8221; title=&#8221;Certificados&#8221; title_margin_b=&#8221;31px&#8221;][/stm_title][vc_column_text]</p>
<p class="p1">Tem a <b>Implementação HACCP</b>, ao abrigo do Regulamento (CE) nº 852/2004 de 29 de Abril, relativo à Higiene e Segurança dos géneros alimentícios e do decreto-lei nº 113/2006 de 12 de Junho.</p>
<p class="p1">Os<b> serviços diários de Limpeza</b> das instalações são assegurados por uma funcionária especializada.</p>
<p class="p1">Tem <b>Alvará da Segurança Social</b> e a <b>Autorização definitiva da DREN</b>.</p>
<p style="text-align: center;"><span style="display: block; font-weight: 600; font-size: 24px;"> </span></p>
<p>[/vc_column_text][/vc_column][/vc_row][vc_row css=&#8221;.vc_custom_1475225114422{margin-top: 35px !important;margin-bottom: 16px !important;}&#8221;][vc_column][stm_title title_align=&#8221;center&#8221; title=&#8221;Parcerias&#8221; title_margin_b=&#8221;27px&#8221;][/stm_title][vc_row_inner css=&#8221;.vc_custom_1725052855770{margin-bottom: 10px !important;}&#8221;][vc_column_inner width=&#8221;1/6&#8243;][/vc_column_inner][vc_column_inner width=&#8221;2/3&#8243;][vc_single_image image=&#8221;6015&#8243; img_size=&#8221;full&#8221;][/vc_column_inner][vc_column_inner width=&#8221;1/6&#8243;][/vc_column_inner][/vc_row_inner][/vc_column][/vc_row][vc_row full_width=&#8221;stretch_row&#8221; css=&#8221;.vc_custom_1475157756271{padding-top: 20px !important; padding-bottom: 30px !important;background-image: url(http://www.orisquinhas.pt/pt/wp-content/uploads/2017/07/bg6.jpg) !important;background-position: 0 0 !important;background-repeat: repeat !important;}&#8221;][vc_column css=&#8221;.vc_custom_1475209405740{padding-top: 8px !important;}&#8221;][stm_call_to_action btn_color=&#8221;purpure&#8221; img_id=&#8221;6058&#8243; btn_link=&#8221;url:%2Fpt%2Fcontactos%2F|title:Inscreva-se!||&#8221; img_size=&#8221;1000&#215;300&#8243;]<span style="color: #404040; font-size: 20px;">Nada é mais importante do que o bem-estar dos vossos filhos. Por isso, faça-nos uma visita e inscreva os seus filhos no O RISQUINHAS.</span>[/stm_call_to_action][/vc_column][/vc_row]</p>

<p>[vc_row full_width=&#8221;stretch_row&#8221; css=&#8221;.vc_custom_1475151838273{margin-top: -7px !important;padding-top: 35px !important;padding-bottom: 50px !important;background-color: #fff9f2 !important;}&#8221;][vc_column width=&#8221;1/2&#8243;][stm_title title=&#8221;Sobre nós&#8221; title_margin_b=&#8221;26px&#8221;][/stm_title][vc_column_text]Sobre nós O Risquinhos é uma instituição de carácter particular. Iniciou a sua atividade em outubro do ano 2000 com as valências de berçário, creche e jardim de infância. O Risquinhas desde então recebeu milhares de crianças, diferentes gerações e continua [&hellip;]</p>
